{"id":1956,"date":"2023-08-30T18:07:29","date_gmt":"2023-08-30T10:07:29","guid":{"rendered":"https:\/\/osmacanese.com\/?post_type=product&#038;p=1956"},"modified":"2026-01-06T15:11:22","modified_gmt":"2026-01-06T07:11:22","slug":"isbn9789998165199","status":"publish","type":"product","link":"https:\/\/osmacanese.com\/index.php\/product\/isbn9789998165199\/","title":{"rendered":"\u8a8d\u8b58\u8461\u8a9e\u570b\u5bb6\u6587\u5316\u4e4b\u7cbe\u7de8\u96d9\u8a9e\u5206\u7d1a\u95b1\u8b80\u518a"},"content":{"rendered":"<hr \/>\n<h5 class=\"wb-stl-custom1\" data-dnid=\"120130\"><span style=\"color: #ff9900;\">\u5716\u66f8\u7c21\u4ecb<\/span><\/h5>\n<p style=\"font-weight: 400;\">\u300a\u8a8d\u8b58\u8461\u8a9e\u570b\u5bb6\u6587\u5316\u4e4b\u7cbe\u7de8\u96d9\u8a9e\u5206\u7d1a\u95b1\u8b80\u518a\u300b\u662f\u4e00\u672c\u4ee5\u6559\u6388\u8461\u8404\u7259\u8a9e\u70ba\u4e3b\u8981\u5167\u5bb9\u7684\u66f8\u7c4d\u3002\u9019\u672c\u66f8\u4ee5\u8461\u8404\u7259\u5144\u59b9\u7c73\u683c\u723e\u548c\u5eb7\u65af\u5766\u85a9\u70ba\u4e3b\u89d2\uff0c\u4ed6\u5011\u5728\u670b\u53cb\u548c\u5bb6\u4eba\u7684\u966a\u4f34\u4e0b\u5c55\u958b\u4e86\u4e00\u5834\u5225\u5177\u7279\u8272\u7684\u8461\u8a9e\u570b\u5bb6\u4e4b\u65c5\u3002\u6bcf\u500b\u55ae\u5143\u90fd\u4ee5\u4e00\u500b\u8461\u8a9e\u570b\u5bb6\u70ba\u4e3b\u984c\uff0c\u901a\u904e\u5169\u4e09\u7bc7\u751f\u52d5\u6709\u8da3\u7684\u5c0f\u77ed\u6587\uff0c\u5168\u9762\u4ecb\u7d39\u4e86\u7576\u5730\u7684\u98f2\u98df\u3001\u97f3\u6a02\u3001\u98a8\u666f\u548c\u6c11\u4fd7\u7b49\u8c50\u5bcc\u591a\u5f69\u7684\u6587\u5316\u5143\u7d20\u3002\u6bcf\u7bc7\u5c0f\u77ed\u6587\u5f8c\u90fd\u8a2d\u6709\u4e09\u5230\u4e94\u500b\u7df4\u7fd2\u984c\uff0c\u65e2\u8003\u6838\u4e86\u8b80\u8005\u5c0d\u55ae\u8a5e\u548c\u8ab2\u6587\u5167\u5bb9\u7684\u638c\u63e1\uff0c\u4e5f\u9f13\u52f5\u4ed6\u5011\u9032\u884c\u5c0f\u7d44\u5408\u4f5c\u7814\u7a76\u6587\u5316\u4e3b\u984c\u3002\u9019\u7a2e\u5bd3\u5b78\u7fd2\u65bc\u5a1b\u6a02\u7684\u65b9\u5f0f\uff0c\u4e0d\u50c5\u80fd\u6709\u6548\u63d0\u9ad8\u5b78\u7fd2\u8208\u8da3\uff0c\u4e5f\u80fd\u5e6b\u52a9\u8b80\u8005\u5168\u9762\u8a8d\u8b58\u8461\u8a9e\u570b\u5bb6\u7684\u6587\u5316\u7cbe\u9ad3\uff0c\u57f9\u990a\u8b80\u8005\u7684\u8de8\u6587\u5316\u4ea4\u6d41\u80fd\u529b\u3002<\/p>\n<hr \/>\n<h5 class=\"wb-stl-custom26\" data-dnid=\"120136\"><span style=\"color: #ff9900;\">\u4f5c\u8005\u4ecb\u7d39<\/span><\/h5>\n<p style=\"font-weight: 400;\">\u5468\u4f73\u5713<\/p>\n<p style=\"font-weight: 400;\">\u6fb3\u9580\u57ce\u5e02\u5927\u5b78\u8461\u8a9e\u570b\u5bb6\u7814\u7a76\u9662\u8b1b\u5e2b\u3001\u535a\u58eb\u5019\u9078\u4eba\u3002<\/p>\n<hr \/>\n<h5 class=\"wb-stl-custom1\" data-dnid=\"120142\"><span style=\"color: #ff9900;\">\u5716\u66f8\u76ee\u9304<\/span><\/h5>\n<p style=\"font-weight: 400;\">\u55ae\u5143\u4e00 \u7c73\u683c\u723e\u548c\u5eb7\u65af\u5766\u85a9\u7684\u5192\u96aa A Aventura do Miguel e da Constan\u00e7a<\/p>\n<p style=\"font-weight: 400;\">\u55ae\u5143\u4e8c \u4f5b\u5f97\u89d2\uff1a\u706b\u5c71\u7fa4\u5cf6 Cabo Verde: Um Arquip\u00e9lago Vulc\u00e2nico<\/p>\n<p style=\"font-weight: 400;\">\u55ae\u5143\u4e09 \u91cc\u65af\u672c\uff1a\u8af8\u795e\u7bc0 Lisboa: Os Santos Populares<\/p>\n<p style=\"font-weight: 400;\">\u55ae\u5143\u56db \u83ab\u6851\u6bd4\u514b\uff1a\u975e\u6d32\u4e4b\u5fc3Mo\u00e7ambique: Cora\u00e7\u00e3o Africano<\/p>\n<p style=\"font-weight: 400;\">\u55ae\u5143\u4e94 \u6fb3\u9580\uff1a\u6771\u65b9\u4e4b\u84ee Macau: L\u00f3tus do Oriente<\/p>\n<p style=\"font-weight: 400;\">\u55ae\u5143\u516d \u6771\u5e1d\u6c76\uff1a\u9c77\u9b5a\u7684\u5922\u60f3 Timor-Leste: Sonho de um Crocodilo<\/p>\n<p style=\"font-weight: 400;\">\u55ae\u5143\u4e03 \u99ac\u5fb7\u62c9\u548c\u4e9e\u901f\u723e\uff1a\u9060\u65b9\u7684\u5cf6\u5dbc Madeira e A\u00e7ores: Para L\u00e1 do Continente<\/p>\n<p style=\"font-weight: 400;\">\u55ae\u5143\u516b \u5b89\u54e5\u62c9\uff1a\u6069\u6d25\u52a0\u5973\u738b\u7684\u6545\u9109 Angola: Terra da Rainha Nzinga<\/p>\n<p style=\"font-weight: 400;\">\u55ae\u5143\u4e5d \u8056\u591a\u7f8e\u548c\u666e\u6797\u897f\u6bd4\uff1a\u6f2b\u5c71\u5496\u5561\u9999 S\u00e3o Tom\u00e9 e Pr\u00edncipe: Ilhas com Aroma de Caf\u00e9<\/p>\n<p style=\"font-weight: 400;\">\u55ae\u5143\u5341 \u5e7e\u5185\u4e9e\u6bd4\u7d39\uff1a\u68ad\u7e54\u4eba\u751f Guin\u00e9-Bissau: Viver com o Pano de Pente<\/p>\n<p style=\"font-weight: 400;\">\u55ae\u5143\u5341\u4e00 \u5df4\u897f\uff1a\u72c2\u6b61\u4e4b\u5730 Brasil: A Terra do Carnaval<\/p>\n<p style=\"font-weight: 400;\"><span style=\"font-weight: 400;\">\u55ae\u5143\u5341\u4e8c \u8d64\u9053\u5e7e\u5185\u4e9e\uff1a\u7d05\u571f\u5927\u5730 Guin\u00e9 Equatorial: A Terra Vermelha<\/span><\/p>\n<p style=\"font-weight: 400;\">\n","protected":false},"excerpt":{"rendered":"<p>ISBN <span lang=\"EN-US\">978-99981-65-19-9<br \/>\n<\/span>\u51fa\u00a0 \u00a0 \u00a0 \u00a0 \u7248\uff1a\u6fb3\u9580\u57ce\u5e02\u5927\u5b78<br \/>\n\u8a2d\u8a08\u5370\u5237\uff1a\u6fb3\u9580\u4eba\u51fa\u7248\u793e<br \/>\n\u51fa\u7248\u65e5\u671f\uff1a2023\u5e748\u6708<\/p>\n","protected":false},"featured_media":1958,"template":"","meta":[],"product_brand":[],"product_cat":[32,30],"product_tag":[38],"class_list":{"0":"post-1956","1":"product","2":"type-product","3":"status-publish","4":"has-post-thumbnail","6":"product_cat-social-sciences","7":"product_cat-language-and-literature","8":"product_tag-nonsale","10":"first","11":"outofstock","12":"shipping-taxable","13":"product-type-simple"},"yoast_head":"<!-- This site is optimized with the Yoast SEO plugin v27.3 - https:\/\/yoast.com\/product\/yoast-seo-wordpress\/ -->\n<title>\u8a8d\u8b58\u8461\u8a9e\u570b\u5bb6\u6587\u5316\u4e4b\u7cbe\u7de8\u96d9\u8a9e\u5206\u7d1a\u95b1\u8b80\u518a - \u6fb3\u9580\u4eba\u51fa\u7248\u793e<\/title>\n<meta name=\"description\" content=\"\u9019\u672c\u66f8\u4ee5\u8461\u8404\u7259\u5144\u59b9\u7c73\u683c\u723e\u548c\u5eb7\u65af\u5766\u85a9\u70ba\u4e3b\u89d2\uff0c\u4ed6\u5011\u5728\u670b\u53cb\u548c\u5bb6\u4eba\u7684\u966a\u4f34\u4e0b\u5c55\u958b\u4e86\u4e00\u5834\u5225\u5177\u7279\u8272\u7684\u8461\u8a9e\u570b\u5bb6\u4e4b\u65c5\u3002\u6bcf\u500b\u55ae\u5143\u90fd\u4ee5\u4e00\u500b\u8461\u8a9e\u570b\u5bb6\u70ba\u4e3b\u984c\uff0c\u901a\u904e\u5169\u4e09\u7bc7\u751f\u52d5\u6709\u8da3\u7684\u5c0f\u77ed\u6587\uff0c\u5168\u9762\u4ecb\u7d39\u4e86\u7576\u5730\u7684\u98f2\u98df\u3001\u97f3\u6a02\u3001\u98a8\u666f\u548c\u6c11\u4fd7\u7b49\u8c50\u5bcc\u591a\u5f69\u7684\u6587\u5316\u5143\u7d20\u3002\u6bcf\u7bc7\u5c0f\u77ed\u6587\u5f8c\u90fd\u8a2d\u6709\u4e09\u5230\u4e94\u500b\u7df4\u7fd2\u984c\uff0c\u65e2\u8003\u6838\u4e86\u8b80\u8005\u5c0d\u55ae\u8a5e\u548c\u8ab2\u6587\u5167\u5bb9\u7684\u638c\u63e1\uff0c\u4e5f\u9f13\u52f5\u4ed6\u5011\u9032\u884c\u5c0f\u7d44\u5408\u4f5c\u7814\u7a76\u6587\u5316\u4e3b\u984c\u3002\u9019\u7a2e\u5bd3\u5b78\u7fd2\u65bc\u5a1b\u6a02\u7684\u65b9\u5f0f\uff0c\u4e0d\u50c5\u80fd\u6709\u6548\u63d0\u9ad8\u5b78\u7fd2\u8208\u8da3\uff0c\u4e5f\u80fd\u5e6b\u52a9\u8b80\u8005\u5168\u9762\u8a8d\u8b58\u8461\u8a9e\u570b\u5bb6\u7684\u6587\u5316\u7cbe\u9ad3\uff0c\u57f9\u990a\u8b80\u8005\u7684\u8de8\u6587\u5316\u4ea4\u6d41\u80fd\u529b\u3002\" \/>\n<meta name=\"robots\" content=\"index, follow, max-snippet:-1, max-image-preview:large, max-video-preview:-1\" \/>\n<link rel=\"canonical\" href=\"https:\/\/osmacanese.com\/index.php\/product\/isbn9789998165199\/\" \/>\n<meta property=\"og:locale\" content=\"zh_TW\" \/>\n<meta property=\"og:type\" content=\"article\" \/>\n<meta property=\"og:title\" content=\"\u8a8d\u8b58\u8461\u8a9e\u570b\u5bb6\u6587\u5316\u4e4b\u7cbe\u7de8\u96d9\u8a9e\u5206\u7d1a\u95b1\u8b80\u518a - \u6fb3\u9580\u4eba\u51fa\u7248\u793e\" \/>\n<meta property=\"og:description\" content=\"\u9019\u672c\u66f8\u4ee5\u8461\u8404\u7259\u5144\u59b9\u7c73\u683c\u723e\u548c\u5eb7\u65af\u5766\u85a9\u70ba\u4e3b\u89d2\uff0c\u4ed6\u5011\u5728\u670b\u53cb\u548c\u5bb6\u4eba\u7684\u966a\u4f34\u4e0b\u5c55\u958b\u4e86\u4e00\u5834\u5225\u5177\u7279\u8272\u7684\u8461\u8a9e\u570b\u5bb6\u4e4b\u65c5\u3002\u6bcf\u500b\u55ae\u5143\u90fd\u4ee5\u4e00\u500b\u8461\u8a9e\u570b\u5bb6\u70ba\u4e3b\u984c\uff0c\u901a\u904e\u5169\u4e09\u7bc7\u751f\u52d5\u6709\u8da3\u7684\u5c0f\u77ed\u6587\uff0c\u5168\u9762\u4ecb\u7d39\u4e86\u7576\u5730\u7684\u98f2\u98df\u3001\u97f3\u6a02\u3001\u98a8\u666f\u548c\u6c11\u4fd7\u7b49\u8c50\u5bcc\u591a\u5f69\u7684\u6587\u5316\u5143\u7d20\u3002\u6bcf\u7bc7\u5c0f\u77ed\u6587\u5f8c\u90fd\u8a2d\u6709\u4e09\u5230\u4e94\u500b\u7df4\u7fd2\u984c\uff0c\u65e2\u8003\u6838\u4e86\u8b80\u8005\u5c0d\u55ae\u8a5e\u548c\u8ab2\u6587\u5167\u5bb9\u7684\u638c\u63e1\uff0c\u4e5f\u9f13\u52f5\u4ed6\u5011\u9032\u884c\u5c0f\u7d44\u5408\u4f5c\u7814\u7a76\u6587\u5316\u4e3b\u984c\u3002\u9019\u7a2e\u5bd3\u5b78\u7fd2\u65bc\u5a1b\u6a02\u7684\u65b9\u5f0f\uff0c\u4e0d\u50c5\u80fd\u6709\u6548\u63d0\u9ad8\u5b78\u7fd2\u8208\u8da3\uff0c\u4e5f\u80fd\u5e6b\u52a9\u8b80\u8005\u5168\u9762\u8a8d\u8b58\u8461\u8a9e\u570b\u5bb6\u7684\u6587\u5316\u7cbe\u9ad3\uff0c\u57f9\u990a\u8b80\u8005\u7684\u8de8\u6587\u5316\u4ea4\u6d41\u80fd\u529b\u3002\" \/>\n<meta property=\"og:url\" content=\"https:\/\/osmacanese.com\/index.php\/product\/isbn9789998165199\/\" \/>\n<meta property=\"og:site_name\" content=\"\u6fb3\u9580\u4eba\u51fa\u7248\u793e\" \/>\n<meta property=\"article:publisher\" content=\"https:\/\/www.facebook.com\/MacanesePublishing\" \/>\n<meta property=\"article:modified_time\" content=\"2026-01-06T07:11:22+00:00\" \/>\n<meta property=\"og:image\" content=\"https:\/\/osmacanese.com\/wp-content\/uploads\/2024\/07\/\u300a\u8a8d\u8b58\u8461\u8a9e\u570b\u5bb6\u6587\u5316\u4e4b\u7cbe\u7de8\u96d9\u8a9e\u5206\u7d1a\u95b1\u8b80\u518a\u300b.png\" \/>\n\t<meta property=\"og:image:width\" content=\"1668\" \/>\n\t<meta property=\"og:image:height\" content=\"1667\" \/>\n\t<meta property=\"og:image:type\" content=\"image\/png\" \/>\n<meta name=\"twitter:card\" content=\"summary_large_image\" \/>\n<meta name=\"twitter:label1\" content=\"\u9810\u4f30\u95b1\u8b80\u6642\u9593\" \/>\n\t<meta name=\"twitter:data1\" content=\"1 \u5206\u9418\" \/>\n<script type=\"application\/ld+json\" class=\"yoast-schema-graph\">{\"@context\":\"https:\\\/\\\/schema.org\",\"@graph\":[{\"@type\":\"WebPage\",\"@id\":\"https:\\\/\\\/osmacanese.com\\\/index.php\\\/product\\\/isbn9789998165199\\\/\",\"url\":\"https:\\\/\\\/osmacanese.com\\\/index.php\\\/product\\\/isbn9789998165199\\\/\",\"name\":\"\u8a8d\u8b58\u8461\u8a9e\u570b\u5bb6\u6587\u5316\u4e4b\u7cbe\u7de8\u96d9\u8a9e\u5206\u7d1a\u95b1\u8b80\u518a - \u6fb3\u9580\u4eba\u51fa\u7248\u793e\",\"isPartOf\":{\"@id\":\"https:\\\/\\\/osmacanese.com\\\/#website\"},\"primaryImageOfPage\":{\"@id\":\"https:\\\/\\\/osmacanese.com\\\/index.php\\\/product\\\/isbn9789998165199\\\/#primaryimage\"},\"image\":{\"@id\":\"https:\\\/\\\/osmacanese.com\\\/index.php\\\/product\\\/isbn9789998165199\\\/#primaryimage\"},\"thumbnailUrl\":\"https:\\\/\\\/osmacanese.com\\\/wp-content\\\/uploads\\\/2024\\\/07\\\/\u300a\u8a8d\u8b58\u8461\u8a9e\u570b\u5bb6\u6587\u5316\u4e4b\u7cbe\u7de8\u96d9\u8a9e\u5206\u7d1a\u95b1\u8b80\u518a\u300b.png\",\"datePublished\":\"2023-08-30T10:07:29+00:00\",\"dateModified\":\"2026-01-06T07:11:22+00:00\",\"description\":\"\u9019\u672c\u66f8\u4ee5\u8461\u8404\u7259\u5144\u59b9\u7c73\u683c\u723e\u548c\u5eb7\u65af\u5766\u85a9\u70ba\u4e3b\u89d2\uff0c\u4ed6\u5011\u5728\u670b\u53cb\u548c\u5bb6\u4eba\u7684\u966a\u4f34\u4e0b\u5c55\u958b\u4e86\u4e00\u5834\u5225\u5177\u7279\u8272\u7684\u8461\u8a9e\u570b\u5bb6\u4e4b\u65c5\u3002\u6bcf\u500b\u55ae\u5143\u90fd\u4ee5\u4e00\u500b\u8461\u8a9e\u570b\u5bb6\u70ba\u4e3b\u984c\uff0c\u901a\u904e\u5169\u4e09\u7bc7\u751f\u52d5\u6709\u8da3\u7684\u5c0f\u77ed\u6587\uff0c\u5168\u9762\u4ecb\u7d39\u4e86\u7576\u5730\u7684\u98f2\u98df\u3001\u97f3\u6a02\u3001\u98a8\u666f\u548c\u6c11\u4fd7\u7b49\u8c50\u5bcc\u591a\u5f69\u7684\u6587\u5316\u5143\u7d20\u3002\u6bcf\u7bc7\u5c0f\u77ed\u6587\u5f8c\u90fd\u8a2d\u6709\u4e09\u5230\u4e94\u500b\u7df4\u7fd2\u984c\uff0c\u65e2\u8003\u6838\u4e86\u8b80\u8005\u5c0d\u55ae\u8a5e\u548c\u8ab2\u6587\u5167\u5bb9\u7684\u638c\u63e1\uff0c\u4e5f\u9f13\u52f5\u4ed6\u5011\u9032\u884c\u5c0f\u7d44\u5408\u4f5c\u7814\u7a76\u6587\u5316\u4e3b\u984c\u3002\u9019\u7a2e\u5bd3\u5b78\u7fd2\u65bc\u5a1b\u6a02\u7684\u65b9\u5f0f\uff0c\u4e0d\u50c5\u80fd\u6709\u6548\u63d0\u9ad8\u5b78\u7fd2\u8208\u8da3\uff0c\u4e5f\u80fd\u5e6b\u52a9\u8b80\u8005\u5168\u9762\u8a8d\u8b58\u8461\u8a9e\u570b\u5bb6\u7684\u6587\u5316\u7cbe\u9ad3\uff0c\u57f9\u990a\u8b80\u8005\u7684\u8de8\u6587\u5316\u4ea4\u6d41\u80fd\u529b\u3002\",\"breadcrumb\":{\"@id\":\"https:\\\/\\\/osmacanese.com\\\/index.php\\\/product\\\/isbn9789998165199\\\/#breadcrumb\"},\"inLanguage\":\"zh-TW\",\"potentialAction\":[{\"@type\":\"ReadAction\",\"target\":[\"https:\\\/\\\/osmacanese.com\\\/index.php\\\/product\\\/isbn9789998165199\\\/\"]}]},{\"@type\":\"ImageObject\",\"inLanguage\":\"zh-TW\",\"@id\":\"https:\\\/\\\/osmacanese.com\\\/index.php\\\/product\\\/isbn9789998165199\\\/#primaryimage\",\"url\":\"https:\\\/\\\/osmacanese.com\\\/wp-content\\\/uploads\\\/2024\\\/07\\\/\u300a\u8a8d\u8b58\u8461\u8a9e\u570b\u5bb6\u6587\u5316\u4e4b\u7cbe\u7de8\u96d9\u8a9e\u5206\u7d1a\u95b1\u8b80\u518a\u300b.png\",\"contentUrl\":\"https:\\\/\\\/osmacanese.com\\\/wp-content\\\/uploads\\\/2024\\\/07\\\/\u300a\u8a8d\u8b58\u8461\u8a9e\u570b\u5bb6\u6587\u5316\u4e4b\u7cbe\u7de8\u96d9\u8a9e\u5206\u7d1a\u95b1\u8b80\u518a\u300b.png\",\"width\":1668,\"height\":1667},{\"@type\":\"BreadcrumbList\",\"@id\":\"https:\\\/\\\/osmacanese.com\\\/index.php\\\/product\\\/isbn9789998165199\\\/#breadcrumb\",\"itemListElement\":[{\"@type\":\"ListItem\",\"position\":1,\"name\":\"\u9996\u9801\",\"item\":\"https:\\\/\\\/osmacanese.com\\\/\"},{\"@type\":\"ListItem\",\"position\":2,\"name\":\"\u5716\u66f8\u66f8\u57ce\",\"item\":\"https:\\\/\\\/osmacanese.com\\\/index.php\\\/shop\\\/\"},{\"@type\":\"ListItem\",\"position\":3,\"name\":\"\u793e\u6703\u79d1\u5b78\u985e\",\"item\":\"https:\\\/\\\/osmacanese.com\\\/index.php\\\/product-category\\\/social-sciences\\\/\"},{\"@type\":\"ListItem\",\"position\":4,\"name\":\"\u8a8d\u8b58\u8461\u8a9e\u570b\u5bb6\u6587\u5316\u4e4b\u7cbe\u7de8\u96d9\u8a9e\u5206\u7d1a\u95b1\u8b80\u518a\"}]},{\"@type\":\"WebSite\",\"@id\":\"https:\\\/\\\/osmacanese.com\\\/#website\",\"url\":\"https:\\\/\\\/osmacanese.com\\\/\",\"name\":\"\u6fb3\u9580\u4eba\u51fa\u7248\u793e\",\"description\":\"\u5b98\u65b9\u7db2\u7ad9\",\"publisher\":{\"@id\":\"https:\\\/\\\/osmacanese.com\\\/#organization\"},\"potentialAction\":[{\"@type\":\"SearchAction\",\"target\":{\"@type\":\"EntryPoint\",\"urlTemplate\":\"https:\\\/\\\/osmacanese.com\\\/?s={search_term_string}\"},\"query-input\":{\"@type\":\"PropertyValueSpecification\",\"valueRequired\":true,\"valueName\":\"search_term_string\"}}],\"inLanguage\":\"zh-TW\"},{\"@type\":\"Organization\",\"@id\":\"https:\\\/\\\/osmacanese.com\\\/#organization\",\"name\":\"\u6fb3\u9580\u4eba\u51fa\u7248\u793e\",\"alternateName\":\"\u6fb3\u9580\u51fa\u7248\",\"url\":\"https:\\\/\\\/osmacanese.com\\\/\",\"logo\":{\"@type\":\"ImageObject\",\"inLanguage\":\"zh-TW\",\"@id\":\"https:\\\/\\\/osmacanese.com\\\/#\\\/schema\\\/logo\\\/image\\\/\",\"url\":\"https:\\\/\\\/osmacanese.com\\\/wp-content\\\/uploads\\\/2022\\\/11\\\/\u51fa\u7248\u793eLOGO-01.png\",\"contentUrl\":\"https:\\\/\\\/osmacanese.com\\\/wp-content\\\/uploads\\\/2022\\\/11\\\/\u51fa\u7248\u793eLOGO-01.png\",\"width\":1042,\"height\":250,\"caption\":\"\u6fb3\u9580\u4eba\u51fa\u7248\u793e\"},\"image\":{\"@id\":\"https:\\\/\\\/osmacanese.com\\\/#\\\/schema\\\/logo\\\/image\\\/\"},\"sameAs\":[\"https:\\\/\\\/www.facebook.com\\\/MacanesePublishing\"]}]}<\/script>\n<!-- \/ Yoast SEO plugin. -->","yoast_head_json":{"title":"\u8a8d\u8b58\u8461\u8a9e\u570b\u5bb6\u6587\u5316\u4e4b\u7cbe\u7de8\u96d9\u8a9e\u5206\u7d1a\u95b1\u8b80\u518a - \u6fb3\u9580\u4eba\u51fa\u7248\u793e","description":"\u9019\u672c\u66f8\u4ee5\u8461\u8404\u7259\u5144\u59b9\u7c73\u683c\u723e\u548c\u5eb7\u65af\u5766\u85a9\u70ba\u4e3b\u89d2\uff0c\u4ed6\u5011\u5728\u670b\u53cb\u548c\u5bb6\u4eba\u7684\u966a\u4f34\u4e0b\u5c55\u958b\u4e86\u4e00\u5834\u5225\u5177\u7279\u8272\u7684\u8461\u8a9e\u570b\u5bb6\u4e4b\u65c5\u3002\u6bcf\u500b\u55ae\u5143\u90fd\u4ee5\u4e00\u500b\u8461\u8a9e\u570b\u5bb6\u70ba\u4e3b\u984c\uff0c\u901a\u904e\u5169\u4e09\u7bc7\u751f\u52d5\u6709\u8da3\u7684\u5c0f\u77ed\u6587\uff0c\u5168\u9762\u4ecb\u7d39\u4e86\u7576\u5730\u7684\u98f2\u98df\u3001\u97f3\u6a02\u3001\u98a8\u666f\u548c\u6c11\u4fd7\u7b49\u8c50\u5bcc\u591a\u5f69\u7684\u6587\u5316\u5143\u7d20\u3002\u6bcf\u7bc7\u5c0f\u77ed\u6587\u5f8c\u90fd\u8a2d\u6709\u4e09\u5230\u4e94\u500b\u7df4\u7fd2\u984c\uff0c\u65e2\u8003\u6838\u4e86\u8b80\u8005\u5c0d\u55ae\u8a5e\u548c\u8ab2\u6587\u5167\u5bb9\u7684\u638c\u63e1\uff0c\u4e5f\u9f13\u52f5\u4ed6\u5011\u9032\u884c\u5c0f\u7d44\u5408\u4f5c\u7814\u7a76\u6587\u5316\u4e3b\u984c\u3002\u9019\u7a2e\u5bd3\u5b78\u7fd2\u65bc\u5a1b\u6a02\u7684\u65b9\u5f0f\uff0c\u4e0d\u50c5\u80fd\u6709\u6548\u63d0\u9ad8\u5b78\u7fd2\u8208\u8da3\uff0c\u4e5f\u80fd\u5e6b\u52a9\u8b80\u8005\u5168\u9762\u8a8d\u8b58\u8461\u8a9e\u570b\u5bb6\u7684\u6587\u5316\u7cbe\u9ad3\uff0c\u57f9\u990a\u8b80\u8005\u7684\u8de8\u6587\u5316\u4ea4\u6d41\u80fd\u529b\u3002","robots":{"index":"index","follow":"follow","max-snippet":"max-snippet:-1","max-image-preview":"max-image-preview:large","max-video-preview":"max-video-preview:-1"},"canonical":"https:\/\/osmacanese.com\/index.php\/product\/isbn9789998165199\/","og_locale":"zh_TW","og_type":"article","og_title":"\u8a8d\u8b58\u8461\u8a9e\u570b\u5bb6\u6587\u5316\u4e4b\u7cbe\u7de8\u96d9\u8a9e\u5206\u7d1a\u95b1\u8b80\u518a - \u6fb3\u9580\u4eba\u51fa\u7248\u793e","og_description":"\u9019\u672c\u66f8\u4ee5\u8461\u8404\u7259\u5144\u59b9\u7c73\u683c\u723e\u548c\u5eb7\u65af\u5766\u85a9\u70ba\u4e3b\u89d2\uff0c\u4ed6\u5011\u5728\u670b\u53cb\u548c\u5bb6\u4eba\u7684\u966a\u4f34\u4e0b\u5c55\u958b\u4e86\u4e00\u5834\u5225\u5177\u7279\u8272\u7684\u8461\u8a9e\u570b\u5bb6\u4e4b\u65c5\u3002\u6bcf\u500b\u55ae\u5143\u90fd\u4ee5\u4e00\u500b\u8461\u8a9e\u570b\u5bb6\u70ba\u4e3b\u984c\uff0c\u901a\u904e\u5169\u4e09\u7bc7\u751f\u52d5\u6709\u8da3\u7684\u5c0f\u77ed\u6587\uff0c\u5168\u9762\u4ecb\u7d39\u4e86\u7576\u5730\u7684\u98f2\u98df\u3001\u97f3\u6a02\u3001\u98a8\u666f\u548c\u6c11\u4fd7\u7b49\u8c50\u5bcc\u591a\u5f69\u7684\u6587\u5316\u5143\u7d20\u3002\u6bcf\u7bc7\u5c0f\u77ed\u6587\u5f8c\u90fd\u8a2d\u6709\u4e09\u5230\u4e94\u500b\u7df4\u7fd2\u984c\uff0c\u65e2\u8003\u6838\u4e86\u8b80\u8005\u5c0d\u55ae\u8a5e\u548c\u8ab2\u6587\u5167\u5bb9\u7684\u638c\u63e1\uff0c\u4e5f\u9f13\u52f5\u4ed6\u5011\u9032\u884c\u5c0f\u7d44\u5408\u4f5c\u7814\u7a76\u6587\u5316\u4e3b\u984c\u3002\u9019\u7a2e\u5bd3\u5b78\u7fd2\u65bc\u5a1b\u6a02\u7684\u65b9\u5f0f\uff0c\u4e0d\u50c5\u80fd\u6709\u6548\u63d0\u9ad8\u5b78\u7fd2\u8208\u8da3\uff0c\u4e5f\u80fd\u5e6b\u52a9\u8b80\u8005\u5168\u9762\u8a8d\u8b58\u8461\u8a9e\u570b\u5bb6\u7684\u6587\u5316\u7cbe\u9ad3\uff0c\u57f9\u990a\u8b80\u8005\u7684\u8de8\u6587\u5316\u4ea4\u6d41\u80fd\u529b\u3002","og_url":"https:\/\/osmacanese.com\/index.php\/product\/isbn9789998165199\/","og_site_name":"\u6fb3\u9580\u4eba\u51fa\u7248\u793e","article_publisher":"https:\/\/www.facebook.com\/MacanesePublishing","article_modified_time":"2026-01-06T07:11:22+00:00","og_image":[{"width":1668,"height":1667,"url":"https:\/\/osmacanese.com\/wp-content\/uploads\/2024\/07\/\u300a\u8a8d\u8b58\u8461\u8a9e\u570b\u5bb6\u6587\u5316\u4e4b\u7cbe\u7de8\u96d9\u8a9e\u5206\u7d1a\u95b1\u8b80\u518a\u300b.png","type":"image\/png"}],"twitter_card":"summary_large_image","twitter_misc":{"\u9810\u4f30\u95b1\u8b80\u6642\u9593":"1 \u5206\u9418"},"schema":{"@context":"https:\/\/schema.org","@graph":[{"@type":"WebPage","@id":"https:\/\/osmacanese.com\/index.php\/product\/isbn9789998165199\/","url":"https:\/\/osmacanese.com\/index.php\/product\/isbn9789998165199\/","name":"\u8a8d\u8b58\u8461\u8a9e\u570b\u5bb6\u6587\u5316\u4e4b\u7cbe\u7de8\u96d9\u8a9e\u5206\u7d1a\u95b1\u8b80\u518a - \u6fb3\u9580\u4eba\u51fa\u7248\u793e","isPartOf":{"@id":"https:\/\/osmacanese.com\/#website"},"primaryImageOfPage":{"@id":"https:\/\/osmacanese.com\/index.php\/product\/isbn9789998165199\/#primaryimage"},"image":{"@id":"https:\/\/osmacanese.com\/index.php\/product\/isbn9789998165199\/#primaryimage"},"thumbnailUrl":"https:\/\/osmacanese.com\/wp-content\/uploads\/2024\/07\/\u300a\u8a8d\u8b58\u8461\u8a9e\u570b\u5bb6\u6587\u5316\u4e4b\u7cbe\u7de8\u96d9\u8a9e\u5206\u7d1a\u95b1\u8b80\u518a\u300b.png","datePublished":"2023-08-30T10:07:29+00:00","dateModified":"2026-01-06T07:11:22+00:00","description":"\u9019\u672c\u66f8\u4ee5\u8461\u8404\u7259\u5144\u59b9\u7c73\u683c\u723e\u548c\u5eb7\u65af\u5766\u85a9\u70ba\u4e3b\u89d2\uff0c\u4ed6\u5011\u5728\u670b\u53cb\u548c\u5bb6\u4eba\u7684\u966a\u4f34\u4e0b\u5c55\u958b\u4e86\u4e00\u5834\u5225\u5177\u7279\u8272\u7684\u8461\u8a9e\u570b\u5bb6\u4e4b\u65c5\u3002\u6bcf\u500b\u55ae\u5143\u90fd\u4ee5\u4e00\u500b\u8461\u8a9e\u570b\u5bb6\u70ba\u4e3b\u984c\uff0c\u901a\u904e\u5169\u4e09\u7bc7\u751f\u52d5\u6709\u8da3\u7684\u5c0f\u77ed\u6587\uff0c\u5168\u9762\u4ecb\u7d39\u4e86\u7576\u5730\u7684\u98f2\u98df\u3001\u97f3\u6a02\u3001\u98a8\u666f\u548c\u6c11\u4fd7\u7b49\u8c50\u5bcc\u591a\u5f69\u7684\u6587\u5316\u5143\u7d20\u3002\u6bcf\u7bc7\u5c0f\u77ed\u6587\u5f8c\u90fd\u8a2d\u6709\u4e09\u5230\u4e94\u500b\u7df4\u7fd2\u984c\uff0c\u65e2\u8003\u6838\u4e86\u8b80\u8005\u5c0d\u55ae\u8a5e\u548c\u8ab2\u6587\u5167\u5bb9\u7684\u638c\u63e1\uff0c\u4e5f\u9f13\u52f5\u4ed6\u5011\u9032\u884c\u5c0f\u7d44\u5408\u4f5c\u7814\u7a76\u6587\u5316\u4e3b\u984c\u3002\u9019\u7a2e\u5bd3\u5b78\u7fd2\u65bc\u5a1b\u6a02\u7684\u65b9\u5f0f\uff0c\u4e0d\u50c5\u80fd\u6709\u6548\u63d0\u9ad8\u5b78\u7fd2\u8208\u8da3\uff0c\u4e5f\u80fd\u5e6b\u52a9\u8b80\u8005\u5168\u9762\u8a8d\u8b58\u8461\u8a9e\u570b\u5bb6\u7684\u6587\u5316\u7cbe\u9ad3\uff0c\u57f9\u990a\u8b80\u8005\u7684\u8de8\u6587\u5316\u4ea4\u6d41\u80fd\u529b\u3002","breadcrumb":{"@id":"https:\/\/osmacanese.com\/index.php\/product\/isbn9789998165199\/#breadcrumb"},"inLanguage":"zh-TW","potentialAction":[{"@type":"ReadAction","target":["https:\/\/osmacanese.com\/index.php\/product\/isbn9789998165199\/"]}]},{"@type":"ImageObject","inLanguage":"zh-TW","@id":"https:\/\/osmacanese.com\/index.php\/product\/isbn9789998165199\/#primaryimage","url":"https:\/\/osmacanese.com\/wp-content\/uploads\/2024\/07\/\u300a\u8a8d\u8b58\u8461\u8a9e\u570b\u5bb6\u6587\u5316\u4e4b\u7cbe\u7de8\u96d9\u8a9e\u5206\u7d1a\u95b1\u8b80\u518a\u300b.png","contentUrl":"https:\/\/osmacanese.com\/wp-content\/uploads\/2024\/07\/\u300a\u8a8d\u8b58\u8461\u8a9e\u570b\u5bb6\u6587\u5316\u4e4b\u7cbe\u7de8\u96d9\u8a9e\u5206\u7d1a\u95b1\u8b80\u518a\u300b.png","width":1668,"height":1667},{"@type":"BreadcrumbList","@id":"https:\/\/osmacanese.com\/index.php\/product\/isbn9789998165199\/#breadcrumb","itemListElement":[{"@type":"ListItem","position":1,"name":"\u9996\u9801","item":"https:\/\/osmacanese.com\/"},{"@type":"ListItem","position":2,"name":"\u5716\u66f8\u66f8\u57ce","item":"https:\/\/osmacanese.com\/index.php\/shop\/"},{"@type":"ListItem","position":3,"name":"\u793e\u6703\u79d1\u5b78\u985e","item":"https:\/\/osmacanese.com\/index.php\/product-category\/social-sciences\/"},{"@type":"ListItem","position":4,"name":"\u8a8d\u8b58\u8461\u8a9e\u570b\u5bb6\u6587\u5316\u4e4b\u7cbe\u7de8\u96d9\u8a9e\u5206\u7d1a\u95b1\u8b80\u518a"}]},{"@type":"WebSite","@id":"https:\/\/osmacanese.com\/#website","url":"https:\/\/osmacanese.com\/","name":"\u6fb3\u9580\u4eba\u51fa\u7248\u793e","description":"\u5b98\u65b9\u7db2\u7ad9","publisher":{"@id":"https:\/\/osmacanese.com\/#organization"},"potentialAction":[{"@type":"SearchAction","target":{"@type":"EntryPoint","urlTemplate":"https:\/\/osmacanese.com\/?s={search_term_string}"},"query-input":{"@type":"PropertyValueSpecification","valueRequired":true,"valueName":"search_term_string"}}],"inLanguage":"zh-TW"},{"@type":"Organization","@id":"https:\/\/osmacanese.com\/#organization","name":"\u6fb3\u9580\u4eba\u51fa\u7248\u793e","alternateName":"\u6fb3\u9580\u51fa\u7248","url":"https:\/\/osmacanese.com\/","logo":{"@type":"ImageObject","inLanguage":"zh-TW","@id":"https:\/\/osmacanese.com\/#\/schema\/logo\/image\/","url":"https:\/\/osmacanese.com\/wp-content\/uploads\/2022\/11\/\u51fa\u7248\u793eLOGO-01.png","contentUrl":"https:\/\/osmacanese.com\/wp-content\/uploads\/2022\/11\/\u51fa\u7248\u793eLOGO-01.png","width":1042,"height":250,"caption":"\u6fb3\u9580\u4eba\u51fa\u7248\u793e"},"image":{"@id":"https:\/\/osmacanese.com\/#\/schema\/logo\/image\/"},"sameAs":["https:\/\/www.facebook.com\/MacanesePublishing"]}]}},"_links":{"self":[{"href":"https:\/\/osmacanese.com\/index.php\/wp-json\/wp\/v2\/product\/1956","targetHints":{"allow":["GET"]}}],"collection":[{"href":"https:\/\/osmacanese.com\/index.php\/wp-json\/wp\/v2\/product"}],"about":[{"href":"https:\/\/osmacanese.com\/index.php\/wp-json\/wp\/v2\/types\/product"}],"wp:featuredmedia":[{"embeddable":true,"href":"https:\/\/osmacanese.com\/index.php\/wp-json\/wp\/v2\/media\/1958"}],"wp:attachment":[{"href":"https:\/\/osmacanese.com\/index.php\/wp-json\/wp\/v2\/media?parent=1956"}],"wp:term":[{"taxonomy":"product_brand","embeddable":true,"href":"https:\/\/osmacanese.com\/index.php\/wp-json\/wp\/v2\/product_brand?post=1956"},{"taxonomy":"product_cat","embeddable":true,"href":"https:\/\/osmacanese.com\/index.php\/wp-json\/wp\/v2\/product_cat?post=1956"},{"taxonomy":"product_tag","embeddable":true,"href":"https:\/\/osmacanese.com\/index.php\/wp-json\/wp\/v2\/product_tag?post=1956"}],"curies":[{"name":"wp","href":"https:\/\/api.w.org\/{rel}","templated":true}]}}